at is -66899 - 0?
-66899
In base 6, what is 2 - 25150?
-25144
In base 14, what is -61d4 + -57?
-624b
In base 12, what is 5 - -266635?
26663a
In base 6, what is 15 + -32430?
-32411
In base 11, what is 2421 + 1?
2422
In base 3, what is 0 + -221020011112?
-221020011112
In base 8, what is 5620 - 645?
4753
In base 6, what is 42 - -11530?
12012
In base 5, what is 2 + 101004?
101011
In base 12, what is 7b + 2000?
207b
In base 13, what is -6 - -280b?
2805
In base 13, what is 86662 - 3?
8665c
In base 15, what is -5 + 976?
971
In base 8, what is 2 - 1326734?
-1326732
In base 16, what is 3 - -2b?
2e
In base 14, what is 5 - 5344?
-533d
In base 8, what is -176 + -315?
-513
In base 5, what is -10010 - 4?
-10014
In base 2, what is -10111100110111 + 1?
-10111100110110
In base 5, what is -23240343 - 10?
-23240403
In base 15, what is 2a - -c?
37
In base 4, what is 11 - -230110002?
230110013
In base 16, what is 4 - 1aa40?
-1aa3c
In base 10, what is 47634 + 13?
47647
In base 14, what is 1a9 + -17?
192
In base 3, what is 11112 + 121111?
210000
In base 10, what is -426 + -658?
-1084
In base 12, what is 129b - b4?
11a7
In base 4, what is -10 + -302321021?
-302321031
In base 4, what is 21223000200 + 0?
21223000200
In base 14, what is 29b7 + 100?
2ab7
In base 14, what is 15428 + -2?
15426
In base 15, what is 68 - -517?
580
In base 9, what is 264615 - 20?
264585
In base 12, what is -8 + 6a8b?
6a83
In base 3, what is 101000 - -11222?
112222
In base 3, what is 10111 - -212020022?
212100210
In base 2, what is 11 - 110101110001001?
-110101110000110
In base 10, what is -3 + 45890?
45887
In base 14, what is 2 + 11599a?
11599c
In base 4, what is -213 + 302100220?
302100001
In base 11, what is -192 - 1a09?
-20a0
In base 10, what is 2 - 194300?
-194298
In base 13, what is -2cc - -6a4?
3a5
In base 15, what is 6 - -75b?
762
In base 15, what is -38 + 1b7?
17e
In base 13, what is -8 + -5609?
-5614
In base 13, what is 32cb - 5?
32c6
In base 6, what is -11 - -1024?
1013
In base 8, what is 55622 - 30?
55572
In base 6, what is -5002403 + 0?
-5002403
In base 4, what is -23103013 - -1?
-23103012
In base 15, what is 35 + -98b?
-956
In base 5, what is -11 + 433121?
433110
In base 6, what is -324 - -5012?
4244
In base 11, what is -1498 - a2?
-158a
In base 12, what is -3 + -253a89?
-253a90
In base 11, what is -9 + -375320?
-375329
In base 7, what is 645 + -13641?
-12663
In base 5, what is 10 - -2210142?
2210202
In base 15, what is 4291 + -1?
4290
In base 16, what is -133 - 2b9?
-3ec
In base 2, what is -11 - -10011110011001101?
10011110011001010
In base 10, what is -3 + -165?
-168
In base 2, what is -10101 + 100010010111010?
100010010100101
In base 15, what is -7 + 449?
442
In base 7, what is -3256 + 140?
-3116
In base 8, what is -23 + -756?
-1001
In base 15, what is -47a + -c3?
-54d
In base 9, what is -18471 - -24?
-18446
In base 6, what is -14552 + -1145?
-20141
In base 14, what is -628 - 141?
-769
In base 10, what is 92 - 4559?
-4467
In base 5, what is -421 + 10040?
4114
In base 4, what is 23310 + -10203?
13101
In base 11, what is -53 + 328?
285
In base 8, what is 504341 + -7?
504332
In base 13, what is 2b57a0 + 2?
2b57a2
In base 14, what is -2 + c035?
c033
In base 9, what is 11035 - -627?
11663
In base 6, what is -430112 - 44?
-430200
In base 6, what is 54044 - 5?
54035
In base 5, what is -2003344 + 1?
-2003343
In base 13, what is -2917b - -5?
-29176
In base 16, what is -1a99e + -6?
-1a9a4
In base 5, what is 11 - -310321?
310332
In base 6, what is -1 - -31051?
31050
In base 8, what is 75056 - 64?
74772
In base 15, what is -36 - -225?
1de
In base 14, what is 8942 - 10?
8932
In base 11, what is 11aa + -1aa?
1000
In base 14, what is -d40 + -3c?
-d7c
In base 15, what is a79 + d4?
b5d
In base 11, what is 3 - 21214?
-21211
In base 12, what is a - -64773?
64781
In base 16, what is -10d2 - 5?
-10d7
In base 4, what is 1210211310 - 1?
1210211303
In base 13, what is 347a + -2?
3478
In base 12, what is 72 - 2049?
-1b97
In base 7, what is 6 - -1161411?
1161420
In base 10, what is -1705467 - 0?
-1705467
In base 10, what is -4176 + 267?
-3909
In base 3, what is 12201210 + 10211?
12212121
In base 6, what is 1521350 - 0?
1521350
In base 9, what is 1157 + 160?
1327
In base 11, what is 89 + -599?
-510
In base 9, what is -500504 + 3?
-500501
In base 2, what is 110001000 - 10010000001?
-1011111001
In base 2, what is -11101111100 + -10?
-11101111110
In base 11, what is 39003 - -3?
39006
In base 4, what is 10 - 21111?
-21101
In base 11, what is 4805 + -25?
4790
In base 9, what is 1 - 23?
-22
In base 15, what is -2 - 17e49?
-17e4b
In base 8, what is -6 - 5540?
-5546
In base 12, what is 8 - 1bb3?
-1ba7
In base 8, what is -3 + -102330?
-102333
In base 14, what is -1 + -3d8c2?
-3d8c3
In base 10, what is -49 - -581?
532
In base 6, what is 543 + -15330?
-14343
In base 3, what is -12 + -101211112202?
-101211112221
In base 16, what is 164 - 3ba?
-256
In base 3, what is 212100 - -1002?
220102
In base 15, what is -326 - -68b?
365
In base 9, what is -65833 + 5?
-65827
In base 5, what is 101244 - -112?
101411
In base 14, what is -168 + -89?
-213
In base 9, what is 5717 + 63?
5781
In base 5, what is 122344 - 224?
122120
In base 2, what is 10010110000111100 - -11001?
10010110001010101
In base 11, what is -36 + 2931?
28a6
In base 13, what is 3 + 8a48?
8a4b
In base 3, what is 120020111 + -12101?
120001010
In base 10, what is 284 - 183?
101
In base 15, what is 12a + 89?
1b4
In base 10, what is 0 + 22181?
22181
In base 16, what is -1 + 39ab?
39aa
In base 3, what is 2102211122222 - 2?
2102211122220
In base 7, what is 132 - -5430?
5562
In base 3, what is 1221121011 + -2?
1221121002
In base 10, what is -2157 + -43?
-2200
In base 9, what is -4 - -42457?
42453
In base 2, what is 110 + 100001000110?
100001001100
In base 6, what is -353 - -1002?
205
In base 8, what is 160 + -4671?
-4511
In base 12, what is 6a51 + 0?
6a51
In base 10, what is 166 + 839?
1005
In base 5, what is 12 + -102100401?
-102100334
In base 14, what is -40 - 1146?
-1186
In base 12, what is -179 - 5a47?
-6004
In base 2, what is 101010001101011000 - 10101?
101010001101000011
In base 3, what is 220021210 - 11102?
220010101
In base 3, what is -21200 + 121020?
22120
In base 3, what is -102210 + -2000020?
-2110000
In base 8, what is 310750 + 2?
310752
In base 10, what is -22 - -706?
684
In base 3, what is -22000222 - -10001?
-21220221
In base 5, what is -13400 + -134?
-14034
In base 11, what is 182 - 316?
-144
In base 16, what is 32 + 1ef?
221
In base 3, what is 10 - 2001002101020?
-2001002101010
In base 11, what is 126675 + 5?
12667a
In base 12, what is 0 + -9b1b8?
-9b1b8
In base 2, what is 10 + -111011111111111?
-111011111111101
In base 16, what is 335e + 4?
3362
In base 8, what is 14071 + 5?
14076
In base 2, what is 11 - -110000110100100?
110000110100111
In base 4, what is -22322 + -30331?
-113313
In base 6, what is 302313 - 5?
302304
In base 14, what is 1c - 1b7?
-199
In base 14, what is -5 - -2b48?
2b43
In base 5, what is -240 - 101003?
-101243
In base 16, what is -6c + -3a9?
-415
In base 15, what is e - -9d87?
9d96
In base 2, what is 11010001100101111 - 100?
11010001100101011
In base 6, what is -4 - -25223?
25215
In base 5, what is -21212 - 124?
-21341
In base 14, what is -420d8 - 0?
-420d8
In base 10, what is 13 - -21890?
21903
In base 5, what is -340404 + -43?
-341002
In base 10, what is 6 - 73878?
-73872
In base 13, what is 1 + -33bb?
-33ba
In base 14, what is 2286 + -17?
226d
In base 15, what is cad + -280?
a2d
In base 5, what is 1 - 3441440?
-3441434
In base 6, what is -15503 - 14?
-15521
In base 8, what is -302726 + -6?
-302734
In base 11, what is 81404 + 4?
81408
In base 2, what is 100001110111100010 + -111?
100001110111011011
In base 7, what is 43 + -41246?
-41203
In base 4, what is 1101100112 + 2?
1101100120
In base 15, what is 76c - -284?
a01
In base 10, what is 26 + -11900?
-11874
In base 10, what is -207056 - 4?
-207060
In base 8, what is -422 + -44?
-466
In base 5, what is 123 - 12020310?
-12020132
In base 6, what is -400 + -5104?
-5504
In base 16, what is 7d + -bd4a?
-bccd
In base 14, what is 7 + -4da5?
-4d9c
In base 5, what is -31 - 223413?
-223444
In base 8, what is -636 - -15363?
14525
In base 2, what is 111010110111010111 - -101?
1110101101110